ue
Let d(h) = -23*h. Suppose -3*m - 43 = 11. Let r be 2 - 1 - m/(-3). Is d(r) prime?
False
Suppose 0 = -4*f - 2*q + 4, -4*f = f + q - 8. Suppose -3*h - 5*v + 160 - 38 = 0, f*h + 5*v = 88. Is h a prime number?
False
Let p(c) = -12*c**2 + 2*c - 3. Let g be p(2). Let f be (3/(-6))/(2/(-264)). Let z = g + f. Is z a prime number?
True
Suppose -o = -1 - 1. Suppose 118 = o*x - 68. Is (x - (2 - 2)) + -2 prime?
False
Let u(y) = 3*y - 2. Let n be u(-2). Let g be -6 - n - (-4 + 1). Suppose 3*b + 3*z - 89 = z, z = -g*b + 153. Is b prime?
True
Is (1 - 1)/(-1) - -46 prime?
False
Let v(c) = -c + 4. Let d be v(7). Let a be 0/1 - (d + 91). Is 3/9 + a/(-6) a composite number?
True
Suppose -16*t + 472 = -8*t. Is t a prime number?
True
Let b = -430 + 670. Suppose 2*l - 4*t = 170, 4*l - 5*t = 91 + b. Is l prime?
True
Suppose 0 = 5*j - 69 - 46. Let s be 140/2 - (1 + -3). Suppose -5*d + s = -j. Is d a prime number?
True
Let x = 1639 - 476. Is x a prime number?
True
Suppose 0*f + 4*f + 4 = 0, -5*f - 5 = 4*i. Suppose 7*z - 2*z - 15 = i. Suppose -d = -o - 86, -3*d + z*o + 259 = -o. Is d composite?
True
Let k = 0 + -2. Is k/8 - 3348/(-16) prime?
False
Let t(k) = -k**2 + 22*k + 14. Let f be t(10). Suppose 3*v + f = 5*v. Is v prime?
True
Suppose 0 = 2*t - t + 9. Suppose 3*s - 136 = 2*c, -2*s + 107 = -c + 15. Let x = t + s. Is x a composite number?
True
Let g(p) = 35*p**2 + 2*p - 2. Let i be g(-2). Suppose 4*z - i = 2*v + 96, 0 = -4*z + 3*v + 231. Is z composite?
True
Let w(x) = 99*x - 1. Let u be w(-6). Let r = 57 - u. Let t = -359 + r. Is t composite?
False
Suppose -5*i + 3763 = -8422. Is i composite?
False
Suppose 0 = 3*t - d - 2219, -2*t + 151 + 1325 = d. Is t a composite number?
False
Let y(q) = -q + 12. Let g be y(9). Suppose a = 3*h - 119, -4*h + 2*h = a - 76. Suppose 4*f = g*f + h. Is f a composite number?
True
Suppose 0 = -2*j - 2*j - 4. Is ((-6)/(-4))/(j/(-10)) a prime number?
False
Let k(l) = 188*l - 5. Is k(2) a prime number?
False
Let w = 385 - 100. Let l = w - 122. Is l a composite number?
False
Is -3*(-3)/(-9)*-331 a prime number?
True
Is (6 - (-570)/6)*13*1 a prime number?
False
Suppose -33 = -3*h + 114. Is h prime?
False
Suppose j + 1635 = 6*j. Let f = 201 - j. Let b = 7 - f. Is b a composite number?
True
Let o = 36 + 2. Is o composite?
True
Is (0 - 1/(-4)) + (-60936)/(-96) a composite number?
True
Suppose 13*b - 1361 = 12*b. Is b a prime number?
True
Suppose -1973 + 131 = -2*l. Is l composite?
True
Suppose 5*o + 0*o = 15. Suppose o*a + 3*v - 144 = 0, 7*a - 2*a - 4*v = 231. Is a composite?
False
Let x(c) = -5 + 4*c + 2*c**2 + c**2 - 2*c**2. Let s be ((-3)/(-2))/(12/(-80)). Is x(s) prime?
False
Let o(m) = -3*m + 4 - 2*m**2 - m**3 - m + 7*m**2. Is o(3) composite?
True
Let w(o) = o - 2. Let g be w(-10). Let n = 65 + g. Is n prime?
True
Suppose 11*u - 17*u + 1146 = 0. Is u prime?
True
Let j = -6 - -6. Suppose -2*g + 3*s + 94 = j, 3*g + 0*s - 139 = 5*s. Is g a composite number?
False
Let o = -29 + 49. Suppose 5*f + 4*m - 8*m = -20, 3*f = -4*m + o. Suppose x + f = 13. Is x prime?
True
Let r = -3 + 14. Let g(l) = l**2 + 12*l + 12. Let q be g(-10). Let f = r - q. Is f a composite number?
False
Let f = -8 - -5. Let p be (f + 31)*6/4. Suppose 5*x + 0*u - 48 = -2*u, 4*x - 2*u - p = 0. Is x prime?
False
Suppose 3*v - 1374 = 4*b - 57, 3*v = -4*b + 1341. Is v a prime number?
True
Suppose 0*i = 5*i - 1825. Suppose -3*v = 2*m - 133, -4*m + 9*m - i = -v. Is m prime?
False
Let n be 86/(3*4/24). Suppose -2*u + n = -46. Is u a prime number?
True
Let j = -541 - -1384. Is j a composite number?
True
Let c be (-2 + 2)/(2 + 0). Suppose c + 2 = 2*x. Is 2*x + 57 + -4 a composite number?
True
Let g(u) = 8*u + 5. Suppose y - 4 = -0. Is g(y) composite?
False
Suppose -5*o + 7 = -4*o. Suppose o*d - 2*z = 3*d + 6, 0 = -5*d + z + 15. Suppose 3*b - 25 = -d*q, -2*b - 37 = -6*q + q. Is q composite?
False
Let u(b) = b**2 + b + 1. Suppose 4*i + 26 = r - 3*r, -31 = 5*i + r. Is u(i) composite?
False
Suppose -6*c + 5*c + 1066 = 2*t, c + 1609 = 3*t. Is t a composite number?
True
Let d = -3 - -8. Let c = d + 6. Is c a prime number?
True
Suppose z - 3 = -2. Let m be z/(-3) + 250/3. Suppose -m = -3*r + 2*r. Is r a prime number?
True
Is (-14735)/(-20) + (-1)/(-4) a prime number?
False
Suppose -g + 381 = 2*u, -4*g - 420 = -4*u + 348. Is u a composite number?
False
Let p be (-8)/(-48) + (-98)/12. Let i(b) = b**3 + 19*b**2 + 3*b - 3. Is i(p) a prime number?
True
Let z(k) = k**2 + k + 1. Let o(i) = -2*i**2 + 2*i + 6. Let j(a) = -o(a) - z(a). Let s be j(5). Suppose -x + 140 = s*x. Is x a prime number?
False
Let v(q) be the first derivative of -q**3/3 - 9*q**2/2 - 6*q - 2. Let z be v(-8). Suppose -5*p + c + 66 = 0, z*c + 3*c - 60 = -5*p. Is p a prime number?
True
Let r(q) = 2*q - 6. Let g be r(-8). Let h = -34 - g. Is ((-8)/h)/(4/474) a prime number?
True
Let d(j) = 6*j - 64. Is d(15) composite?
True
Let t = -4 - 3. Let g(q) = 8*q - 6 + 10*q**2 - 8*q**2 - 1. Is g(t) a prime number?
False
Suppose -58 = -c + 182. Suppose -1155 = -3*d - 5*h, 3*d - h - h = 1155. Let v = d - c. Is v a composite number?
True
Suppose 0 = 2*m - 4*h + 22, 3*m + 17 = 6*m + 4*h. Is 2 + m*(-2 + -43) a composite number?
False
Let h(y) be the first derivative of -y + 5*y - 4*y + 4*y**2 - 2 + y. Is h(6) a composite number?
True
Is -174*3/(1*-6) a prime number?
False
Suppose -3*i = -11 - 7. Is 2/6 + 328/i a composite number?
True
Suppose 15 + 0 = 5*t. Suppose -2*c - 3*c + 15 = 5*j, t*c - 5*j = 9. Suppose -c*u = -8*u + 55. Is u a composite number?
False
Suppose -6393 + 2065 = -4*b. Is b a composite number?
True
Suppose 5*l + 1525 = 5*z, -3*z = -l - l - 917. Is z prime?
True
Let j = 255 - 35. Suppose 5*v - j = -5*u, 72 = 2*v - 3*u - 41. Let o = v - 10. Is o a composite number?
True
Let h = -425 + 762. Is h prime?
True
Let l be -3*(1 - 2) - 3. Is ((-430)/(-5))/(l + 2) a composite number?
False
Let y(d) be the first derivative of d**3/3 - 3*d**2 + 5*d + 1. Let q be y(6). Suppose q*r + 4*p - 326 = p, 2*r + 2*p = 128. Is r prime?
True
Is -2*1*163/(-2) composite?
False
Let z(q) = 208*q + 7. Is z(3) a composite number?
False
Let q = -474 - -1441. Is q a composite number?
False
Let z be 6/(-6) - (-13 + 1). Suppose 0 = m + 2*k - z, 2*m + k + 2*k = 17. Let v(f) = 43*f**3 + f**2 - 1. Is v(m) a prime number?
True
Suppose -3*i + 1366 = -10097. Is i composite?
False
Let f = 94 - -325. Is f a prime number?
True
Suppose 5*j + 2*s - 1124 = 0, -2*j - 3*s + 136 = -307. Is j a composite number?
True
Let m be (2/4 + -1)*18. Let z be (64/(-3))/((-3)/m). Let h = 27 - z. Is h prime?
False
Suppose -m + 20 = 3*m. Suppose m*u + 33 = c, -2*c + 2*u + 70 + 4 = 0. Is c prime?
False
Let i = 2414 - 1707. Is i a composite number?
True
Suppose 5 = 2*y + 3*y - s, 3*s = 0. Let r = y + 1. Suppose -23 = -r*o + o. Is o a prime number?
True
Let t(x) = -49*x + 3. Let k(q) = -97*q + 7. Let j(a) = -2*k(a) + 5*t(a). Let s be j(-5). Suppose -s - 132 = -4*y. Is y a composite number?
False
Suppose 5 = t + 2. Suppose g - t*g - 4 = 0. Is (25 - 6) + 0/g a prime number?
True
Let k(h) = -299*h**2 + h + 1. Let a be k(3). Let u = -1222 - a. Is u a composite number?
True
Is (51/6)/(2/28) composite?
True
Suppose f - 4*w = -14, 5*f - w = w + 2. Suppose 145 = c + y, -10 + 2 = f*y. Is c prime?
True
Let t = 7 - -1. Suppose 0 = z - 3 - t. Suppose -d = -z - 8. Is d a prime number?
True
Suppose v = -l + 754, 4*l - 150 - 607 = -v. Is v composite?
True
Let a(u) be the first derivative of -u**2/2 - 6*u + 2. Let w be a(-10). Suppose w*g = 65 - 13. Is g a prime number?
True
Let b(r) = 9*r - 4. Is b(7) prime?
True
Suppose d - h + 9 = 0, 80 = 3*d - 8*d - 2*h. Is (d/(-6))/(1/87) a composite number?
True
Let u = 399 - 163. Suppose -5*b - l + 1369 = 269, 0 = -b + 3*l + u. Is b composite?
True
Suppose 3*v - 3943 = -2*v + 2*w, 3*v + w - 2357 = 0. Is v a prime number?
True
Let a = 19 - 13. Suppose n + g - a = -3*g, -3*n - 4*g = -18. Is n a prime number?
False
Let y = 8 - 3. Let v(g) = 7*g - 2. Let n be v(2). Suppose -a = -y*a + n. Is a a prime number?
True
Let o(a) be the second derivative of a**3 - 2*a**2 - 3*a. Is o(5) prime?
False
Suppose 0 = 2*l + 8, -2*a = -5*a + 5*l + 14. Let s(k) = k**3 + 2*k**2 - 3*k - 2. Let p be s(a). Suppose -g + 455 = p*g. Is g composite?
True
Let c = 2525 - 970. Is c prime?
False
Le